-bc?
98
In base 5, what is -2 + -300?
-302
In base 15, what is -1 + 11?
10
In base 15, what is -11 + 0?
-11
In base 3, what is -11 - -1102?
1021
In base 6, what is -34 + -33?
-111
In base 10, what is -7 + 59?
52
In base 3, what is 11 + 110210?
110221
In base 6, what is -104 - -1?
-103
In base 9, what is 2 - 4?
-2
In base 13, what is 10 + -a?
3
In base 9, what is -124 - -4?
-120
In base 6, what is -25 - -321?
252
In base 9, what is 3 - 815?
-812
In base 15, what is 6 + 266?
26c
In base 15, what is -132 + -4?
-136
In base 6, what is -10 - -1312?
1302
In base 7, what is -12 - 1212?
-1224
In base 2, what is -101101011011 - -100?
-101101010111
In base 15, what is a + 17?
22
In base 13, what is -4 - -3bc?
3b8
In base 9, what is -4 - 1817?
-1822
In base 13, what is 2 + 257?
259
In base 3, what is -11 - -101?
20
In base 14, what is 109 + 0?
109
In base 2, what is -10100101 + -100000?
-11000101
In base 8, what is 135 - 16?
117
In base 4, what is -2 + -10131?
-10133
In base 3, what is 2020 - 101?
1212
In base 8, what is -524 + 0?
-524
In base 10, what is -1 + -151?
-152
In base 8, what is 0 - 30?
-30
In base 12, what is 342 + -3?
33b
In base 5, what is 13 - 3233?
-3220
In base 2, what is -10010110111 + 10?
-10010110101
In base 12, what is 189 + 29?
1b6
In base 12, what is -4 + 75?
71
In base 10, what is -5 + 44?
39
In base 6, what is 1 + 10?
11
In base 9, what is -36 + -2?
-38
In base 11, what is 2913 - -5?
2918
In base 4, what is 1 + -33?
-32
In base 2, what is -1 + -100001?
-100010
In base 14, what is 5 + -1dd8?
-1dd3
In base 4, what is 11 - 300?
-223
In base 14, what is -1 + 13?
12
In base 11, what is -16 + -5a7?
-612
In base 11, what is 1 + 78?
79
In base 14, what is 3 - 1a21?
-1a1c
In base 4, what is -1103 + 1?
-1102
In base 15, what is 7 - a?
-3
In base 16, what is 152 - b?
147
In base 11, what is 4 - 1a46?
-1a42
In base 13, what is -20 - -2?
-1b
In base 11, what is 280 + 4?
284
In base 15, what is 9d + -4?
99
In base 6, what is 15314 - -1?
15315
In base 3, what is -10 - -120112?
120102
In base 15, what is 0 + -98?
-98
In base 9, what is -38 - -14?
-24
In base 11, what is 5 - 48?
-43
In base 15, what is 220 + -4?
21b
In base 2, what is 11000 - 100001?
-1001
In base 3, what is 12222 - 0?
12222
In base 2, what is -101 + -100000?
-100101
In base 9, what is 4 - 1085?
-1081
In base 3, what is -10001 - -21?
-2210
In base 2, what is -100011 - -1010100?
110001
In base 16, what is -8 + -1a4?
-1ac
In base 12, what is -5 + -10?
-15
In base 15, what is 16d - 5?
168
In base 2, what is -100 + 10100110111?
10100110011
In base 14, what is 3b - -2?
3d
In base 16, what is -685 - 3?
-688
In base 12, what is -1a - -80?
62
In base 14, what is 1 + -67?
-66
In base 16, what is -5 + -104?
-109
In base 7, what is 11 + 1?
12
In base 12, what is 4 - -2102?
2106
In base 12, what is -52b5 + 0?
-52b5
In base 7, what is 12 - 0?
12
In base 6, what is -14221 + 5?
-14212
In base 11, what is 69 + 5?
73
In base 15, what is -8de - 0?
-8de
In base 14, what is 5 - -35?
3a
In base 8, what is 2 - -1476?
1500
In base 4, what is 11330 + 1?
11331
In base 2, what is -100 + -10101010101?
-10101011001
In base 9, what is 7 + -640?
-632
In base 10, what is -2 - 159?
-161
In base 9, what is 5 + -48?
-43
In base 9, what is -6 + 20?
13
In base 13, what is 4 + 1b?
22
In base 6, what is -34453 + 4?
-34445
In base 12, what is -71 + -1?
-72
In base 16, what is -2ff + -3?
-302
In base 12, what is -22 + -200?
-222
In base 5, what is 3 - 133?
-130
In base 14, what is -5815 - 4?
-5819
In base 8, what is 63 - 6?
55
In base 9, what is 0 - 400?
-400
In base 15, what is -19 + 56?
3c
In base 11, what is 1 + -366?
-365
In base 10, what is 1 + -136?
-135
In base 12, what is 87 + -28?
5b
In base 8, what is -21 + 10?
-11
In base 11, what is -39 - -2?
-37
In base 4, what is 3 - 1211303?
-1211300
In base 16, what is -4d + -1?
-4e
In base 7, what is -26 + 243?
214
In base 16, what is 2 + -d?
-b
In base 8, what is -170 + 3?
-165
In base 16, what is -1391 - -3?
-138e
In base 10, what is -3 + -17?
-20
In base 7, what is -12 - -244?
232
In base 15, what is 135 - 5?
130
In base 14, what is 5 - -34?
39
In base 3, what is -10 + -22001001?
-22001011
In base 6, what is 15313 + -2?
15311
In base 15, what is 0 + -111?
-111
In base 9, what is 25 + 44?
70
In base 6, what is 10443 + 5?
10452
In base 5, what is 4 - -1120?
1124
In base 6, what is -2 - 0?
-2
In base 4, what is -222 - -10?
-212
In base 4, what is 3 + -2313?
-2310
In base 12, what is -112 - 19?
-12b
In base 15, what is 42b + 5?
431
In base 4, what is -1220 - -2?
-1212
In base 13, what is -63 + -1?
-64
In base 2, what is 10 + -1100011001111?
-1100011001101
In base 7, what is -21 + 2?
-16
In base 12, what is 1 + -42?
-41
In base 12, what is 4 - 391?
-389
In base 13, what is -26 - 6?
-2c
In base 15, what is -2 - 69?
-6b
In base 5, what is 3 - -12031?
12034
In base 4, what is -1 - -12001?
12000
In base 9, what is 0 + 111?
111
In base 3, what is 20021 + -10?
20011
In base 4, what is 122 + 13301?
20023
In base 14, what is 2 - -14?
16
In base 13, what is 14 - -5?
19
In base 10, what is 0 - 17?
-17
In base 16, what is -25 + 17?
-e
In base 3, what is -10012 + 2?
-10010
In base 6, what is 25 - 1?
24
In base 5, what is 324 - -2?
331
In base 3, what is 12 - 10021?
-10002
In base 3, what is -11 - 1120?
-1201
In base 12, what is -27 - -5?
-22
In base 14, what is 7 - -c5?
cc
In base 14, what is 32 - 2?
30
In base 3, what is -11021 - -112?
-10202
In base 8, what is 17 + 3?
22
In base 2, what is 101111010 + -101?
101110101
In base 16, what is -aa - -1e?
-8c
In base 15, what is 0 - -1b9?
1b9
In base 5, what is 2123 + -4?
2114
In base 2, what is 0 - -10011?
10011
In base 3, what is 110 - 100?
10
In base 8, what is -535 + 0?
-535
In base 11, what is -161 - 7?
-168
In base 4, what is 1 - -10100?
10101
In base 15, what is -160 - 1?
-161
In base 8, what is -7 - 4654?
-4663
In base 13, what is -137b0 + 0?
-137b0
In base 12, what is -5 + -440?
-445
In base 4, what is 10 - 30221?
-30211
In base 7, what is 2 - -241?
243
In base 12, what is 0 - 4358?
-4358
In base 13, what is 3 - 3?
0
In base 12, what is 1a383 + -3?
1a380
In base 16, what is -10e + 3?
-10b
In base 13, what is -4 - 45?
-49
In base 14, what is -6bc - 5?
-6c3
In base 3, what is 10 - -221212?
221222
In base 6, what is 225 + -1?
224
In base 6, what is 101 - -40?
141
In base 8, what is 12 - -46?
60
In base 12, what is -392 + 1?
-391
In base 12, what is -191 + -57?
-228
In base 4, what is -11 - 3301?
-3312
In base 15, what is 5 - 286?
-281
In base 7, what is -22 + 644?
622
In base 13, what is -1 + 47?
46
In base 7, what is 312 + 3?
315
In base 7, what is 4221 - 6?
4212
In base 11, what is 755 - 1?
754
In base 11, what is 26 + 1a?
45
In base 7, what is 53 - 1?
52
In base 4, what is 13202123 - -2?
13202131
In base 15, what is 95 + c9?
16e
In base 16, what is -4ca6 + -4?
-4caa
In base 13, what is -2 - 475?
-477
In base 13, what is 2 + -1802?
-1800
In base 9, what is 1171 - 4?
1166
In base 11, what is 7 + 955?
961
In base 11, what is 316 - -4?
31a
In base 12, what is -3b5 - 3?
-3b8
In base 7, what is 455 - 14?
441
In base 11, what is -5 - 654?
-659
In base 7, what is -30 + -316?
-346
In base 8, what is 2 + -260?
-256
In base 5, what is -1 - 32?
-33
In base 3, what is 20 - 2120?
-2100
In base 8, what is 75 - -351?
446
In base 3, what is 120221 + 10?
121001
In base 4, what is -213 + -2?
-221
In base 9, what is 0 + 154?
154
In base 5, what is 0 - -204?
204
In base 10, what is -2 - 4052?
-4054
In base 16, what is -156 - 1?
-157
In base 10, what is -5165 - 1?
-5166
In base 14, what is 1c + -1?
1b
In base 16, what is -31 - 1d9?
-20a
In base 11, what is 10 - -27?
37
In base 9, what is -80 + 1?
-78
In base 7, what is -136 + -2?
-141
In base 11, what is -917 - -5?
-912
In base 4, what is 10031 - 103?
3322
In base 6, what is 105 + 1305?
1414
In base 16, what is 2 + be?
c0
In base 9, what is 1 + 354?
355
In base 8, what is -4 + -133?
-137
In base 13, what is -4 + -58?
-5c
In base 5, what is -132 - -24?
-103
In base 4, what is 1313 + -332?
321
In base 7, what is 2 - 153?
-151
In base 13, what is 771 - 4?
76a
In base 12, what is -40 - 6?
-46
In base 13, what is -68 - 1?
-69
In base 6, what is -30 + -15?
-45
In base 3, what is 1 - -11202?
11210
In ba